hat is -218747 - 165?
-220023
In base 5, what is -43144 - -11033340?
10440141
In base 14, what is -1a65 + 4a94?
302d
In base 2, what is -10101101011001011111 - 1011100?
-10101101011010111011
In base 2, what is -101010011000011 - 1110011111?
-101100001100010
In base 4, what is 321100021 - -213?
321100300
In base 5, what is 244041322 - 1?
244041321
In base 8, what is -70160 - -17617?
-50341
In base 14, what is 542b41 - -5?
542b46
In base 10, what is -232710 + -21?
-232731
In base 5, what is -400 - -213311012?
213310112
In base 2, what is -100101111101110001111011001 - -11?
-100101111101110001111010110
In base 4, what is -22 + -312021210220?
-312021210302
In base 16, what is 36 - -7c184?
7c1ba
In base 12, what is -7907 + -973?
-867a
In base 9, what is -86628378 + 0?
-86628378
In base 4, what is 13 - -1330123003201?
1330123003220
In base 3, what is 1120212221002021 - 10?
1120212221002011
In base 10, what is 134 - 237512?
-237378
In base 12, what is 268 - 3432?
-3186
In base 4, what is -1 - 100312333211?
-100312333212
In base 11, what is 1 - -46319?
4631a
In base 10, what is 11 + -14143155?
-14143144
In base 11, what is 5180214 - -3?
5180217
In base 9, what is 1 - -240523?
240524
In base 8, what is -1360 + -25007?
-26367
In base 12, what is -43210 + -14a?
-4335a
In base 16, what is 5 + 4cb92?
4cb97
In base 2, what is -1001001 + 1000011100010110111?
1000011100001101110
In base 6, what is -4451 - -2402044?
2353153
In base 16, what is -3 - -146581?
14657e
In base 16, what is 48 - -3cae3d?
3cae85
In base 7, what is -340 + 325555?
325215
In base 7, what is -243015 - -1101?
-241614
In base 6, what is -1010441243 + -33?
-1010441320
In base 6, what is -335 + -52521343?
-52522122
In base 14, what is -d91 - -125?
-c6a
In base 9, what is 35455 + 6485?
43051
In base 11, what is 99a68 + 75?
9a032
In base 16, what is -b5d + -18c6?
-2423
In base 15, what is -6 + 51e0d1?
51e0ca
In base 15, what is -28 + 6c465?
6c43c
In base 2, what is 100 + 100111101001010100000011?
100111101001010100000111
In base 3, what is 220210212 + 121100?
221102012
In base 11, what is -223913 - 325?
-224138
In base 10, what is -384261 + 1250?
-383011
In base 5, what is -44221 - 10012?
-104233
In base 8, what is -50 + 14617330?
14617260
In base 3, what is -1100 - 11020121001?
-11020122101
In base 9, what is -2586 + -182367?
-185064
In base 15, what is 3 + -70b32?
-70b2e
In base 11, what is -1a611a - 48?
-1a6167
In base 8, what is -3703016 + 23?
-3702773
In base 14, what is 0 + -3d19823?
-3d19823
In base 9, what is 2 - -51062803?
51062805
In base 8, what is -1334637 - -24?
-1334613
In base 14, what is 382 - ad95c?
-ad5ba
In base 2, what is 100110011 - 1010011100100010?
-1010010111101111
In base 2, what is 1000010000100000111 - 110001001?
1000001111101111110
In base 11, what is -603 + -11a014?
-11a617
In base 16, what is -6744 + 133?
-6611
In base 2, what is -100000 + 1000011101110011001?
1000011101101111001
In base 16, what is 0 - -160df83?
160df83
In base 8, what is 1 - 32220610?
-32220607
In base 16, what is -e23 + -f2d?
-1d50
In base 12, what is -6 - -517286?
517280
In base 13, what is 2b519 - -4561?
32a7a
In base 3, what is -21110000 + -10211?
-21120211
In base 4, what is -1 - -13102101333?
13102101332
In base 16, what is -17e0b10 - -3?
-17e0b0d
In base 10, what is -21001484 + -15?
-21001499
In base 16, what is -1d + 5a960?
5a943
In base 5, what is 0 - -211243123030?
211243123030
In base 9, what is 21 + -48078432?
-48078411
In base 6, what is -4405 + -102125?
-110534
In base 16, what is 73d1faa8 + -3?
73d1faa5
In base 14, what is -122773 - a?
-12277d
In base 7, what is -325612652 + -1?
-325612653
In base 10, what is -2214193 - -28?
-2214165
In base 8, what is 2 + -21160366?
-21160364
In base 2, what is -1100000 + 10110100000111001101?
10110100000101101101
In base 13, what is 14bc46 + -3?
14bc43
In base 13, what is a27b87 - 30?
a27b57
In base 14, what is 2 + -19b7cc?
-19b7ca
In base 2, what is 1110110 + -1010110000101111?
-1010101110111001
In base 9, what is 82 + 17304731?
17304823
In base 12, what is 9546 + 306?
9850
In base 3, what is 1010 - -112110111202?
112110112212
In base 15, what is -49c - -25843?
25396
In base 12, what is 89 + -52558?
-5248b
In base 10, what is 2576924 + -8?
2576916
In base 4, what is 1320222130 - 1323?
1320220201
In base 15, what is 880d - -300?
8b0d
In base 9, what is 7037377 + 2?
7037380
In base 11, what is 4a3602 + -2a?
4a3583
In base 11, what is -4922 + 582?
-4350
In base 14, what is 59d5378d + 0?
59d5378d
In base 8, what is -22 - 2223770?
-2224012
In base 2, what is -10 + 1110010111111001100?
1110010111111001010
In base 5, what is 3241231 - 30111?
3211120
In base 13, what is -8 + -cc4156?
-cc4161
In base 12, what is -2888b452 + -2?
-2888b454
In base 14, what is 0 - -a7b95d7?
a7b95d7
In base 2, what is 10001011001 - -1001101000010?
1011110011011
In base 12, what is 154 + 3b311?
3b465
In base 13, what is -a322a + 19?
-a3211
In base 14, what is -8422237 + 2?
-8422235
In base 10, what is -112209892 + 0?
-112209892
In base 7, what is 3420611 + 651?
3421562
In base 13, what is -15cba4 - -4?
-15cba0
In base 15, what is 614 + 1ce7?
240b
In base 2, what is -100010 + -1010110011001001100?
-1010110011001101110
In base 14, what is -66 + -8d0612?
-8d0678
In base 8, what is 2 - 20510155?
-20510153
In base 13, what is ac + 152b29?
152c08
In base 12, what is -1375 - -4192?
2a19
In base 3, what is 20212121 + 1120101122?
1211021020
In base 8, what is -1364201 - 26?
-1364227
In base 12, what is -38b7b9 + -5?
-38b802
In base 4, what is -10021 + -233103312?
-233113333
In base 5, what is -3 - 2300221410?
-2300221413
In base 5, what is -14234 - 213404121?
-213423410
In base 15, what is 447520 - -4?
447524
In base 10, what is 149 - -312828?
312977
In base 4, what is 32231020 + -2303?
32222111
In base 5, what is -100 + -1120423400?
-1120424000
In base 14, what is 1264d77 - 0?
1264d77
In base 14, what is -254 - -170c?
1498
In base 4, what is 30 - 30113211101?
-30113211011
In base 7, what is -1 - -31032420?
31032416
In base 12, what is 12288a0 - 7?
1228895
In base 10, what is -17523059 - 7?
-17523066
In base 4, what is 31213203 - 32303?
31120300
In base 5, what is -102244120014 + -10?
-102244120024
In base 12, what is -1032 - 4596?
-5608
In base 16, what is 28d57a - 0?
28d57a
In base 8, what is 711 + 11675454?
11676365
In base 13, what is 10 + 59c613?
59c623
In base 14, what is -a - 14a12d?
-14a139
In base 16, what is d7b58 + 4?
d7b5c
In base 6, what is 1125302 + 103?
1125405
In base 2, what is 10011 + -1000110001011011100?
-1000110001011001001
In base 9, what is 13617 - -3637?
17355
In base 3, what is 201202 + -22212010?
-22010101
In base 5, what is 12104141214 + -4?
12104141210
In base 16, what is -25c1ad - -3?
-25c1aa
In base 10, what is -20582 - 7970?
-28552
In base 3, what is -10 + 111021121000120?
111021121000110
In base 3, what is 101 - 101012000021022?
-101012000020221
In base 6, what is -2050101051 - -4?
-2050101043
In base 5, what is -2134012 - -1002?
-2133010
In base 7, what is 43615516 - -11?
43615530
In base 7, what is 122250 - -2352?
124632
In base 16, what is -345 - -9bb?
676
In base 9, what is -30 + -1688618?
-1688648
In base 2, what is 10011010101011 - -1000011000000110?
1010110010110001
In base 16, what is -d36eb + 3a?
-d36b1
In base 6, what is -101432413 + -104?
-101432521
In base 4, what is 10 + -2122303233?
-2122303223
In base 8, what is 41602674 - 5?
41602667
In base 7, what is 0 + -61616666?
-61616666
In base 3, what is -201011222011 - 11000?
-201012010011
In base 14, what is 35465cc9 + 3?
35465ccc
In base 12, what is -82 - -49994?
49912
In base 12, what is -1403a7977 + -3?
-1403a797a
In base 4, what is 3 + -212232021302?
-212232021233
In base 16, what is -524 - 443fd?
-44921
In base 11, what is 11a5 + 11471?
12666
In base 11, what is 244 - 10?
234
In base 15, what is 3bc + 333?
700
In base 11, what is 437 + -312137?
-311800
In base 13, what is -218 - -690?
475
In base 16, what is -97 + -3430?
-34c7
In base 9, what is 85 - 30085306?
-30085211
In base 10, what is 18358 + -5272?
13086
In base 9, what is 1721 + -435254?
-433433
In base 16, what is -509b7c0 - 1?
-509b7c1
In base 14, what is -19 + -1aa09?
-1aa24
In base 8, what is -1015616 + 511?
-1015105
In bas